{"id":6385,"date":"2025-04-25T18:57:03","date_gmt":"2025-04-25T18:57:03","guid":{"rendered":"https:\/\/www.futsalsanse.com\/webnueva\/?post_type=product&#038;p=6385"},"modified":"2026-03-24T12:22:35","modified_gmt":"2026-03-24T12:22:35","slug":"extraescolares-25-26","status":"publish","type":"product","link":"https:\/\/www.futsalsanse.com\/webnueva\/producto\/extraescolares-25-26\/","title":{"rendered":"Extraescolares 2025\/2026"},"content":{"rendered":"<p>[et_pb_section fb_built=\u00bb1&#8243; _builder_version=\u00bb4.27.4&#8243; background_image=\u00bbhttps:\/\/www.futsalsanse.com\/webnueva\/wp-content\/uploads\/2025\/04\/fondo-geometrico@2x-100-scaled.jpg\u00bb custom_padding=\u00bb0px||||false|false\u00bb global_colors_info=\u00bb{}\u00bb][et_pb_row _builder_version=\u00bb4.16&#8243; background_size=\u00bbinitial\u00bb background_position=\u00bbtop_left\u00bb background_repeat=\u00bbrepeat\u00bb width=\u00bb100%\u00bb custom_padding=\u00bb0px||0px||false|false\u00bb global_colors_info=\u00bb{}\u00bb][et_pb_column type=\u00bb4_4&#8243; _builder_version=\u00bb4.16&#8243; custom_padding=\u00bb|||\u00bb global_colors_info=\u00bb{}\u00bb custom_padding__hover=\u00bb|||\u00bb][et_pb_image src=\u00bbhttps:\/\/www.futsalsanse.com\/webnueva\/wp-content\/uploads\/2025\/05\/escudo-sanse-futsal-25-gris-vertical_1@2x.png\u00bb alt=\u00bblogo sanse futsal 2025 gris\u00bb title_text=\u00bbescudo sanse futsal 25 gris vertical_1@2x\u00bb align=\u00bbcenter\u00bb _builder_version=\u00bb4.27.4&#8243; _module_preset=\u00bbdefault\u00bb width=\u00bb100%\u00bb max_width=\u00bb71%\u00bb custom_padding=\u00bb25px||||false|false\u00bb global_colors_info=\u00bb{}\u00bb][\/et_pb_image][\/et_pb_column][\/et_pb_row][et_pb_row column_structure=\u00bb1_2,1_2&#8243; use_custom_gutter=\u00bbon\u00bb gutter_width=\u00bb1&#8243; make_equal=\u00bbon\u00bb _builder_version=\u00bb4.27.4&#8243; background_size=\u00bbinitial\u00bb background_position=\u00bbtop_left\u00bb background_repeat=\u00bbrepeat\u00bb global_colors_info=\u00bb{}\u00bb][et_pb_column type=\u00bb1_2&#8243; _builder_version=\u00bb4.16&#8243; custom_padding=\u00bb|||\u00bb global_colors_info=\u00bb{}\u00bb custom_padding__hover=\u00bb|||\u00bb][et_pb_wc_images _builder_version=\u00bb4.27.4&#8243; global_colors_info=\u00bb{}\u00bb][\/et_pb_wc_images][\/et_pb_column][et_pb_column type=\u00bb1_2&#8243; _builder_version=\u00bb4.16&#8243; custom_padding=\u00bb|||\u00bb global_colors_info=\u00bb{}\u00bb custom_padding__hover=\u00bb|||\u00bb][et_pb_text _builder_version=\u00bb4.27.4&#8243; _module_preset=\u00bbdefault\u00bb text_font=\u00bb|600|||||||\u00bb text_text_color=\u00bb#474747&#8243; text_font_size=\u00bb16px\u00bb text_line_height=\u00bb2em\u00bb header_text_align=\u00bbleft\u00bb header_line_height=\u00bb1.7em\u00bb background_color=\u00bb#FFFFFF\u00bb custom_margin=\u00bb0px||0px||false|false\u00bb custom_padding=\u00bb50px|50px|50px|50px|false|false\u00bb global_colors_info=\u00bb{}\u00bb admin_label=\u00bbTexto\u00bb]<\/p>\n<p>La pr\u00e1ctica habitual del f\u00fatbol sala se considera muy beneficiosa, ya que no solo estimula el\u00a0desarrollo f\u00edsico de los alumnos, sino que\u00a0estimula el desarrollo cognitivo y de ciertos valores\u00a0como el\u00a0trabajo en equipo y las estrategias,\u00a0que resultar\u00e1n fundamentales para los estudiantes.<\/p>\n<p>[\/et_pb_text][et_pb_wc_description _builder_version=\u00bb4.27.4&#8243; body_font=\u00bb|600|||||||\u00bb body_text_color=\u00bb#FFFFFF\u00bb body_font_size=\u00bb16px\u00bb body_line_height=\u00bb2em\u00bb background_color=\u00bb#E02B20&#8243; custom_margin=\u00bb0px|0px|0px|0px|false|false\u00bb custom_padding=\u00bb50px|50px|50px|50px|false|false\u00bb global_colors_info=\u00bb{}\u00bb][\/et_pb_wc_description][\/et_pb_column][\/et_pb_row][et_pb_row _builder_version=\u00bb4.27.4&#8243; background_image=\u00bbhttps:\/\/www.futsalsanse.com\/webnueva\/wp-content\/uploads\/2025\/04\/fondo-geometrico@2x-100-scaled.jpg\u00bb background_size=\u00bbinitial\u00bb background_position=\u00bbtop_left\u00bb background_repeat=\u00bbrepeat\u00bb width=\u00bb100%\u00bb custom_padding=\u00bb0px||||false|false\u00bb global_colors_info=\u00bb{}\u00bb][et_pb_column type=\u00bb4_4&#8243; _builder_version=\u00bb4.16&#8243; custom_padding=\u00bb|||\u00bb global_colors_info=\u00bb{}\u00bb custom_padding__hover=\u00bb|||\u00bb][et_pb_wc_title _builder_version=\u00bb4.27.4&#8243; header_font=\u00bb|800|||||||\u00bb header_text_color=\u00bb#E02B20&#8243; header_font_size=\u00bb40px\u00bb global_colors_info=\u00bb{}\u00bb][\/et_pb_wc_title][et_pb_text _builder_version=\u00bb4.27.4&#8243; _module_preset=\u00bbdefault\u00bb global_colors_info=\u00bb{}\u00bb]<\/p>\n<p><strong><span style=\"font-size: 12pt;\">El pago \u00fanico incluye camiseta de regalo\u00a0<\/span><\/strong><\/p>\n<p>[\/et_pb_text][et_pb_wc_add_to_cart _builder_version=\u00bb4.27.4&#8243; fields_custom_margin=\u00bb5px|5px|5px|5px|false|false\u00bb fields_custom_padding=\u00bb25px|25px|25px|25px|false|false\u00bb dropdown_menus_background_color=\u00bb#FFFFFF\u00bb dropdown_menus_text_color=\u00bb#474747&#8243; dropdown_menus_focus_text_color=\u00bb#474747&#8243; field_label_font=\u00bb|800|||||||\u00bb field_label_text_color=\u00bb#474747&#8243; field_label_font_size=\u00bb16px\u00bb fields_font_size=\u00bb21px\u00bb dropdown_menus_font=\u00bb|700|||||||\u00bb dropdown_menus_font_size=\u00bb18px\u00bb custom_button=\u00bbon\u00bb button_text_size=\u00bb23px\u00bb button_text_color=\u00bb#FFFFFF\u00bb button_bg_color=\u00bb#E02B20&#8243; button_border_color=\u00bb#E02B20&#8243; button_font=\u00bb|700|||||||\u00bb custom_margin=\u00bb|25px||25px|false|false\u00bb box_shadow_style_dropdown_menus=\u00bbpreset1&#8243; global_colors_info=\u00bb{}\u00bb][\/et_pb_wc_add_to_cart][\/et_pb_column][\/et_pb_row][\/et_pb_section]<\/p>\n","protected":false},"excerpt":{"rendered":"<p>Las sesiones estar\u00e1n dirigidas por entrenadores titulados y con experiencia en el trabajo con categor\u00edas formativas. A trav\u00e9s de una metodolog\u00eda l\u00fadica y adaptada a cada edad, se trabajar\u00e1n aspectos t\u00e9cnicos, motrices y t\u00e1cticos del f\u00fatbol sala, asegurando que todos los participantes se sientan parte del grupo y progresen acorde a su nivel.<\/p>\n<p>Adem\u00e1s de las dos sesiones de actividad extraescolar tambi\u00e9n se incluye la camiseta oficial del colegio para la participaci\u00f3n en las Jornadas de la Liga Intercentros.<\/p>\n<p><strong data-start=\"484\" data-end=\"506\">2 d\u00edas a la semana<\/strong><br data-start=\"506\" data-end=\"509\" \/><strong data-start=\"512\" data-end=\"538\">Horario: 16:00 &#8211; 17:15<\/strong><\/p>\n<p>&nbsp;<\/p>\n","protected":false},"featured_media":7424,"comment_status":"open","ping_status":"closed","template":"","meta":{"_et_pb_use_builder":"on","_et_pb_old_content":"","_et_gb_content_width":""},"product_cat":[28],"product_tag":[],"class_list":{"0":"post-6385","1":"product","2":"type-product","3":"status-publish","4":"has-post-thumbnail","6":"product_cat-inscripciones","8":"first","9":"instock","10":"shipping-taxable","11":"purchasable","12":"product-type-variable"},"jetpack_sharing_enabled":true,"_links":{"self":[{"href":"https:\/\/www.futsalsanse.com\/webnueva\/wp-json\/wp\/v2\/product\/6385","targetHints":{"allow":["GET"]}}],"collection":[{"href":"https:\/\/www.futsalsanse.com\/webnueva\/wp-json\/wp\/v2\/product"}],"about":[{"href":"https:\/\/www.futsalsanse.com\/webnueva\/wp-json\/wp\/v2\/types\/product"}],"replies":[{"embeddable":true,"href":"https:\/\/www.futsalsanse.com\/webnueva\/wp-json\/wp\/v2\/comments?post=6385"}],"wp:featuredmedia":[{"embeddable":true,"href":"https:\/\/www.futsalsanse.com\/webnueva\/wp-json\/wp\/v2\/media\/7424"}],"wp:attachment":[{"href":"https:\/\/www.futsalsanse.com\/webnueva\/wp-json\/wp\/v2\/media?parent=6385"}],"wp:term":[{"taxonomy":"product_cat","embeddable":true,"href":"https:\/\/www.futsalsanse.com\/webnueva\/wp-json\/wp\/v2\/product_cat?post=6385"},{"taxonomy":"product_tag","embeddable":true,"href":"https:\/\/www.futsalsanse.com\/webnueva\/wp-json\/wp\/v2\/product_tag?post=6385"}],"curies":[{"name":"wp","href":"https:\/\/api.w.org\/{rel}","templated":true}]}}